{"id":1611,"date":"2024-04-27T08:50:58","date_gmt":"2024-04-27T08:50:58","guid":{"rendered":"https:\/\/www.schlossnarren.at\/?page_id=1611"},"modified":"2024-11-16T06:35:16","modified_gmt":"2024-11-16T06:35:16","slug":"ueber-uns","status":"publish","type":"page","link":"https:\/\/www.schlossnarren.at\/index.php\/ueber-uns\/","title":{"rendered":"\u00dcber uns"},"content":{"rendered":"<p><strong>Aus der Chronik der \u201eEmbser Schlossnarren\u201c:<\/strong><\/p>\n<p><strong>Die ersten Aufzeichnungen \u00fcber die Hohenemser Fasnacht stehen im Buch von Ludwig Welti \u201eMerk-Sittich und Wolf Dietrich von Ems\u201c und f\u00fchren unter der Jahreszahl 1538 den Tod Wolf-Dietrichs durch einen Schlaganfall beim Volkstanz an der alten Fasnacht am Funken\u00adsonntag dem, 10. M\u00e4rz 1538 an.<\/strong><\/p>\n<p><strong>Schon vor dem ersten Weltkrieg wurden durch den Turnverein jeweils am \u201eBromiga Fritig\u201c der Fasnatball veranstaltet. Die ersten gro\u00dfen Fasnat-Umz\u00fcge wurden durch den Verkehrver\u00adein in den Jahren 1927\/28 durchgef\u00fchrt. Damals wurde auch schon eine Fasnatzeitung \u2013 der \u201eSchlossberg-G\u00fcggler\u201c herausgegeben. Dann wurde diese Entwicklung der Fasnat durch die Weltwirtschaftskrise und den zweiten Weltkrieg unterbrochen.<\/strong><\/p>\n<p><strong>Im Jahre 1960 wurde unter der Leitung des damaligen Obmannes der Laienb\u00fchne, August M\u00e4rk, das Fasnatgeschehen in Ems wieder organisiert und 1962 nach langer Zeit der 1. Umzug der Nachkriegszeit gestartet. Dies war auch der eigentliche Beginn der jetzigen Emser Fasnat. Von Mitgliedern verschiedenster Vereine \u2013 Verkehrverein, Turnerschaft \u2013 so\u00adwie mit Hilfe der Schulen wurden die folgenden Umz\u00fcge organisiert, ohne dass bereits ein fixes Faschingskomitee bestand.<\/strong><\/p>\n<p><strong>1965 wurde dann das Faschingskomitee der Emser Schlossnarren gebildet und als erster Pr\u00e4\u00adsident der damalige Braumeister der Engelburg-Brauerei Xaver Lochbrunner erkoren.<\/strong><\/p>\n<p><strong>Damals schon wurden die einzelnen Parzellen und Weiler von Ems ermuntert, selbst\u00e4ndig Wagen und Gruppen f\u00fcr die Umz\u00fcge zu gestalten. Dies waren dann auch die Geburtstunden f\u00fcr die vielen Unterz\u00fcnfte, die heute noch die gro\u00dfe Emser Zunft bilden.<\/strong><\/p>\n<p><strong>Auch der Fasnat-Ruf der \u201eSchlossnarren\u201c wurde damals schon kreiert und das laut DURI-DURI-DURI O erschallte schon in den 60er-Jahren bei den Umz\u00fcgen, die jedes zweite Jahr am Sonntag vor dem Fasnat-Sonntag bereits mit Schl\u00fcssel\u00fcbergabe und Empfang durchge\u00adf\u00fchrt wurden. Auch die ber\u00fchmte M\u00e4dchengarde wurde bereits 1963 von Armin Mathis ge\u00adgr\u00fcndet und hatte sich bald den legend\u00e4ren Ruf als beste, tan\u00adzende Garde in Vorarlberg f\u00fcr sich erarbeitet. Im Jahre 1968 wurde dann das bisherige Fa\u00adschingskomitee in die Zunft \u201eEmbser Schlossnarren\u201c umbenannt, zur Referenz an die ehema\u00adligen Adeligen und ihre Schl\u00f6sser in Ems. Als Wappentier wurde der auf den Kopf gestellte Steinbock mit dem Palast von Hohenems gew\u00e4hlt.<\/strong><\/p>\n<p><strong>Der erste Gardeball wurde im Jahre 1969 gestartet und der Elferrat durch einen Zunftrat aller Obm\u00e4nner der Unterz\u00fcnfte \u2013 es waren damals bereits 16 an der Zahl \u2013 erg\u00e4nzt. 1971 erlebte der \u201eSchlossberg-G\u00fcggler\u201c kurzzeitig eine Neuauflage, wurde jedoch infolge von Problemen mit den eingesandten Artikel wieder eingestellt. Die erste eigene Musikgruppe wurde 1973 in Herrenried-Buch gegr\u00fcndet. Der damalige Elferrat Goswin Benzer brachte es zu\u00adstande, den ersten Fanfarenzug in Hohenems mit Instrumenten und Uniformen zu best\u00fccken.<\/strong><\/p>\n<p><strong>1978 wurde der erste gro\u00dfe Wechsel an der Spitze der Zunft vorgenommen. Pr\u00e4sident Xaver Lochbrunner und Vize Pepi Jank legten ihr Amt nieder und Werner H\u00e4fele wurde als Pr\u00e4si\u00addent, Josef Ihler als sein Vize gew\u00e4hlt. Beide \u201eObernarren\u201c brachten schon jahrelange Erfah\u00adrung mit, waren sie doch schon im Elferrat seit den ersten Anf\u00e4ngen der Fasnat als Mitarbeiter gesch\u00e4tzt und sehr aktiv.<\/strong><\/p>\n<p><strong>Im Jahr der Stadterhebung \u2013 1983 \u2013 wurde von den Schlossnarren bereits der 3. Vorarlberger Narrentag in Hohenems durchgef\u00fchrt. Unter der Leitung von Pr\u00e4sident Werner H\u00e4fele und der Mitarbeit aller Embser Narrenz\u00fcnfte wurde diese Veranstaltung zu einem H\u00f6hepunkt und zum Auftakt der Feiern zur Stadterhebung der im ganzen Land Beachtung gefunden hat. Ab dieser Zeit gab es in Hohenems auch kein Prinzenpaar mehr, fortan &#8211; so beschlossen die Schlossnarren &#8211; hat die Embser Fasnacht ein Ritterpaar. Alle 2 Jahre wird ein neues Ritterpaar angelobt welches die Embser Fasnacht repr\u00e4sentieren soll. <\/strong><\/p>\n<p><strong>In den folgenden rund 10 Jahren wurde die Fasnat in Ems von Werner H\u00e4fele und Josef Ihler gepr\u00e4gt und erlebte einen gro\u00dfartigen Aufschwung. Die Zusammenarbeit der einzelnen Z\u00fcnfte wurde stets weiter gepflegt, der Zunftball wurde zu einem Markstein der Emser Fasnat ausgebaut, die Umz\u00fcge waren stets das Ereignis in Vorarlberg.<\/strong><\/p>\n<p><strong>Und dies alles \u2013 so kam man dann irgendwann drauf \u2013 ohne dass die Schlossnarren ein offizieller eingetragener Verein waren, ohne jegliche rechtliche Absicherung.<\/strong><\/p>\n<p><strong>Im Jahre 1989 wurde dann ein Proponentenkomitee f\u00fcr die offizielle Gr\u00fcndung der Zunft \u201eEm\u00adser Schlossnarren\u201c zusammengestellt und der Verein offiziell mit der Versammlung im Schlosscafe am 21. Mai 1989 gegr\u00fcndet.<\/strong><\/p>\n<p><strong>Damals wurde auch die zweite gro\u00dfe Umbesetzung der F\u00fchrung vorgenommen. Seither f\u00fchrt Herbert Holzer als Pr\u00e4sident die Geschicke der Zunft Embser Schlossnarren. Auch die Organisationsstruktur wurde entsprechend umgestaltet. Aus dem Elferrat wurde ein Vorstand gebildet. Die regelm\u00e4\u00dfige Zusammenkunft von Abgeordneten der Emser Z\u00fcnfte\u00a0 mit den Vorstandsmitglieder der Zunft Embser Schlossnarren wurde als gro\u00dfer Zunftrat eingef\u00fchrt.<\/strong><\/p>\n<p><strong>Seit der \u00dcbernahme der Pr\u00e4sidentschaft durch Herbert Holzer wurde die gro\u00dfe Tradition der Emser Umz\u00fcge weitergef\u00fchrt und noch verbessert. Mit der Gr\u00fcndung der \u201ePalastt\u00e4tscher\u201c und der \u201eHexaschr\u00e4nzer\u201c wurden weitere Musikz\u00fcge in Hohenems zur Bereicherung der Fasnat aufgebaut. 1998 wurde dann auch erstmals statt dem bisherigen Zunftball das \u201eFasnatkarussell\u201c veranstaltet, das bis zur Schlie\u00dfung der Turnhalle jedes Jahr ein ab\u00adsoluter H\u00f6hepunkt des Emser Ballgeschehens war.<\/strong><\/p>\n<p><strong>Im Jahre 1999 \u2013 dem letzten Narrenjahr vor der Jahrtausendwende \u2013 erhielt die Zunft Embser Schlossnarren von den Delegierten des Verbandes Vorarlberger Fasnatz\u00fcnfte und \u2013gilden den Auftrag zur Durchf\u00fchrung des 19. Vorarlberger Landesnarrentages. Dieser Landesnarrentag fand bei Prachtwetter statt. Da auch die Organisation bestens klappte, konnten unz\u00e4hlige Vorarlberger N\u00e4rrinnen und Narren einen wundersch\u00f6nen Tag in Hohenems verbringen.<\/strong><\/p>\n<p><strong>Die Tennishalle erm\u00f6glichte es, dass alle Teilnehmer nach dem Umzug gemeinsam Platz fanden.<\/strong><\/p>\n<p><strong>Die weiteren Jahre waren gepr\u00e4gt durch vielseitige Aktivit\u00e4ten der Zunft Embser Schlossnarren mit den Emser Z\u00fcnften. Das Zusammenwirken konnte weiter verst\u00e4rkt werden und bildet heute die Grundlage f\u00fcr eine starke, einige Narrenorganisation in Hohenems.<\/strong><\/p>\n<p><strong>2008 z\u00e4hlte die Zunft Embser Schlossnarren mit ihren 14 Emser Z\u00fcnften \u00fcber 850 Mitglieder. Noch im selben Jahr kamen 2 weitere Z\u00fcnfte, Die Embser Schlossplatzfeager und die Embser Kindergarde dazu.<\/strong><\/p>\n<p><strong>Der VVF hat der Zunft Embser Schlossnarren die Durchf\u00fchrung des 27. Landesnarrentages am 11. 1. 2009 \u00fcbertragen. Die Vorbereitungen liefen Monate auf Hochtouren. Und wer die Frauen und Mannen der Zunft Embser Schlossnarren und ihrer Unterz\u00fcnfte kennt, wei\u00df, dass man in Hohenems \u2013 unter der gro\u00dfartigen Zusammenarbeit und Mithilfe aller Emser Z\u00fcnfte \u2013 ganz bestimmt alles daran setzte, den Vorarlberger Narrenfreunden einen w\u00fcrdigen, <\/strong><\/p>\n<p><strong>Dies war dann auch die letzte Saison von Herbert Holzer als Pr\u00e4sident der Embser Schlossnarren. Als neuer Pr\u00e4sident wurde bei der Jahreshauptversammlung 2009 Karl-Heinz Sutter gew\u00e4hlt welcher seither die Geschicke und den Verein mit riesen Engagement und Erfolg f\u00fchrt. <\/strong><\/p>\n<p><strong>Im Jubil\u00e4umsjahr 2015\u00a0 &#8211; die Embser Schlossnarren feierten ihr 50j\u00e4hriges Bestehen &#8211; erhielt die Zunft Embser Schlossnarren zum bereits 4. Mal den Zuschlag zur Ausrichtung des 33. Vorarlberger Landesnarrentages. Es war wieder ein Riesenerfolg was neben der Erfahrung wieder der guten Zusammenarbeit der Embser Z\u00fcnfte zu verdanken war. <\/strong><\/p>\n<p><strong>Zu dieser Zeit hatten die Embser Schlossnarren 16 Unterz\u00fcnfte mit ca. 1.200 Mitgliedern. <\/strong><\/p>\n<p><strong>2017 wurde Karl-Heinz Sutter zum 5. mal einstimmig als Pr\u00e4sident der Embser Schlossnarren best\u00e4tigt. 2018 haben die Schlossnarren 14 Unterz\u00fcnfte mit gesamt ca. 1.150 Mitgliedern die immer noch tatkr\u00e4ftig zusammenarbeiten und die Umz\u00fcge erfolgreich durchf\u00fchren. <\/strong><\/p>\n<p><strong>Derzeit laufen die Vorbereitungen zum 37. Landesnarrentag den wieder die Zunft Embser Schlossnarren mit ihren Unterz\u00fcnften ausrichten. Und wieder setzten ALLE ALLES daran dass auch diese Grossveranstaltung ein Riesenerfolg und ein Highlight in der Vorarlberger Fasnat 2019 wird.<\/strong><\/p>\n<p>&nbsp;<\/p>\n","protected":false},"excerpt":{"rendered":"<p>Aus der Chronik der \u201eEmbser Schlossnarren\u201c: Die ersten Aufzeichnungen \u00fcber die Hohenemser Fasnacht stehen im Buch von Ludwig Welti \u201eMerk-Sittich und Wolf Dietrich von Ems\u201c und f\u00fchren unter der Jahreszahl 1538 den Tod Wolf-Dietrichs durch einen Schlaganfall beim Volkstanz an der alten Fasnacht am Funken\u00adsonntag dem, 10. M\u00e4rz 1538 an. Schon vor dem ersten Weltkrieg &hellip; <\/p>\n<p class=\"link-more\"><a href=\"https:\/\/www.schlossnarren.at\/index.php\/ueber-uns\/\" class=\"more-link\"><span class=\"screen-reader-text\">\u201e\u00dcber uns\u201c <\/span>weiterlesen<\/a><\/p>\n","protected":false},"author":1,"featured_media":0,"parent":0,"menu_order":0,"comment_status":"closed","ping_status":"closed","template":"","meta":{"pgc_sgb_lightbox_settings":"","footnotes":""},"class_list":["post-1611","page","type-page","status-publish","hentry"],"_links":{"self":[{"href":"https:\/\/www.schlossnarren.at\/index.php\/wp-json\/wp\/v2\/pages\/1611","targetHints":{"allow":["GET"]}}],"collection":[{"href":"https:\/\/www.schlossnarren.at\/index.php\/wp-json\/wp\/v2\/pages"}],"about":[{"href":"https:\/\/www.schlossnarren.at\/index.php\/wp-json\/wp\/v2\/types\/page"}],"author":[{"embeddable":true,"href":"https:\/\/www.schlossnarren.at\/index.php\/wp-json\/wp\/v2\/users\/1"}],"replies":[{"embeddable":true,"href":"https:\/\/www.schlossnarren.at\/index.php\/wp-json\/wp\/v2\/comments?post=1611"}],"version-history":[{"count":1,"href":"https:\/\/www.schlossnarren.at\/index.php\/wp-json\/wp\/v2\/pages\/1611\/revisions"}],"predecessor-version":[{"id":1612,"href":"https:\/\/www.schlossnarren.at\/index.php\/wp-json\/wp\/v2\/pages\/1611\/revisions\/1612"}],"wp:attachment":[{"href":"https:\/\/www.schlossnarren.at\/index.php\/wp-json\/wp\/v2\/media?parent=1611"}],"curies":[{"name":"wp","href":"https:\/\/api.w.org\/{rel}","templated":true}]}}

Über uns

<p><strong>Aus der Chronik der „Embser Schlossnarren“:</strong></p>
<p><strong>Die ersten Aufzeichnungen über die Hohenemser Fasnacht stehen im Buch von Ludwig Welti „Merk-Sittich und Wolf Dietrich von Ems“ und führen unter der Jahreszahl 1538 den Tod Wolf-Dietrichs durch einen Schlaganfall beim Volkstanz an der alten Fasnacht am Funken­sonntag dem, 10. März 1538 an.</strong></p>
<p><strong>Schon vor dem ersten Weltkrieg wurden durch den Turnverein jeweils am „Bromiga Fritig“ der Fasnatball veranstaltet. Die ersten großen Fasnat-Umzüge wurden durch den Verkehrver­ein in den Jahren 1927/28 durchgeführt. Damals wurde auch schon eine Fasnatzeitung – der „Schlossberg-Güggler“ herausgegeben. Dann wurde diese Entwicklung der Fasnat durch die Weltwirtschaftskrise und den zweiten Weltkrieg unterbrochen.</strong></p>
<p><strong>Im Jahre 1960 wurde unter der Leitung des damaligen Obmannes der Laienbühne, August Märk, das Fasnatgeschehen in Ems wieder organisiert und 1962 nach langer Zeit der 1. Umzug der Nachkriegszeit gestartet. Dies war auch der eigentliche Beginn der jetzigen Emser Fasnat. Von Mitgliedern verschiedenster Vereine – Verkehrverein, Turnerschaft – so­wie mit Hilfe der Schulen wurden die folgenden Umzüge organisiert, ohne dass bereits ein fixes Faschingskomitee bestand.</strong></p>
<p><strong>1965 wurde dann das Faschingskomitee der Emser Schlossnarren gebildet und als erster Prä­sident der damalige Braumeister der Engelburg-Brauerei Xaver Lochbrunner erkoren.</strong></p>
<p><strong>Damals schon wurden die einzelnen Parzellen und Weiler von Ems ermuntert, selbständig Wagen und Gruppen für die Umzüge zu gestalten. Dies waren dann auch die Geburtstunden für die vielen Unterzünfte, die heute noch die große Emser Zunft bilden.</strong></p>
<p><strong>Auch der Fasnat-Ruf der „Schlossnarren“ wurde damals schon kreiert und das laut DURI-DURI-DURI O erschallte schon in den 60er-Jahren bei den Umzügen, die jedes zweite Jahr am Sonntag vor dem Fasnat-Sonntag bereits mit Schlüsselübergabe und Empfang durchge­führt wurden. Auch die berühmte Mädchengarde wurde bereits 1963 von Armin Mathis ge­gründet und hatte sich bald den legendären Ruf als beste, tan­zende Garde in Vorarlberg für sich erarbeitet. Im Jahre 1968 wurde dann das bisherige Fa­schingskomitee in die Zunft „Embser Schlossnarren“ umbenannt, zur Referenz an die ehema­ligen Adeligen und ihre Schlösser in Ems. Als Wappentier wurde der auf den Kopf gestellte Steinbock mit dem Palast von Hohenems gewählt.</strong></p>
<p><strong>Der erste Gardeball wurde im Jahre 1969 gestartet und der Elferrat durch einen Zunftrat aller Obmänner der Unterzünfte – es waren damals bereits 16 an der Zahl – ergänzt. 1971 erlebte der „Schlossberg-Güggler“ kurzzeitig eine Neuauflage, wurde jedoch infolge von Problemen mit den eingesandten Artikel wieder eingestellt. Die erste eigene Musikgruppe wurde 1973 in Herrenried-Buch gegründet. Der damalige Elferrat Goswin Benzer brachte es zu­stande, den ersten Fanfarenzug in Hohenems mit Instrumenten und Uniformen zu bestücken.</strong></p>
<p><strong>1978 wurde der erste große Wechsel an der Spitze der Zunft vorgenommen. Präsident Xaver Lochbrunner und Vize Pepi Jank legten ihr Amt nieder und Werner Häfele wurde als Präsi­dent, Josef Ihler als sein Vize gewählt. Beide „Obernarren“ brachten schon jahrelange Erfah­rung mit, waren sie doch schon im Elferrat seit den ersten Anfängen der Fasnat als Mitarbeiter geschätzt und sehr aktiv.</strong></p>
<p><strong>Im Jahr der Stadterhebung – 1983 – wurde von den Schlossnarren bereits der 3. Vorarlberger Narrentag in Hohenems durchgeführt. Unter der Leitung von Präsident Werner Häfele und der Mitarbeit aller Embser Narrenzünfte wurde diese Veranstaltung zu einem Höhepunkt und zum Auftakt der Feiern zur Stadterhebung der im ganzen Land Beachtung gefunden hat. Ab dieser Zeit gab es in Hohenems auch kein Prinzenpaar mehr, fortan &#8211; so beschlossen die Schlossnarren &#8211; hat die Embser Fasnacht ein Ritterpaar. Alle 2 Jahre wird ein neues Ritterpaar angelobt welches die Embser Fasnacht repräsentieren soll. </strong></p>
<p><strong>In den folgenden rund 10 Jahren wurde die Fasnat in Ems von Werner Häfele und Josef Ihler geprägt und erlebte einen großartigen Aufschwung. Die Zusammenarbeit der einzelnen Zünfte wurde stets weiter gepflegt, der Zunftball wurde zu einem Markstein der Emser Fasnat ausgebaut, die Umzüge waren stets das Ereignis in Vorarlberg.</strong></p>
<p><strong>Und dies alles – so kam man dann irgendwann drauf – ohne dass die Schlossnarren ein offizieller eingetragener Verein waren, ohne jegliche rechtliche Absicherung.</strong></p>
<p><strong>Im Jahre 1989 wurde dann ein Proponentenkomitee für die offizielle Gründung der Zunft „Em­ser Schlossnarren“ zusammengestellt und der Verein offiziell mit der Versammlung im Schlosscafe am 21. Mai 1989 gegründet.</strong></p>
<p><strong>Damals wurde auch die zweite große Umbesetzung der Führung vorgenommen. Seither führt Herbert Holzer als Präsident die Geschicke der Zunft Embser Schlossnarren. Auch die Organisationsstruktur wurde entsprechend umgestaltet. Aus dem Elferrat wurde ein Vorstand gebildet. Die regelmäßige Zusammenkunft von Abgeordneten der Emser Zünfte  mit den Vorstandsmitglieder der Zunft Embser Schlossnarren wurde als großer Zunftrat eingeführt.</strong></p>
<p><strong>Seit der Übernahme der Präsidentschaft durch Herbert Holzer wurde die große Tradition der Emser Umzüge weitergeführt und noch verbessert. Mit der Gründung der „Palasttätscher“ und der „Hexaschränzer“ wurden weitere Musikzüge in Hohenems zur Bereicherung der Fasnat aufgebaut. 1998 wurde dann auch erstmals statt dem bisherigen Zunftball das „Fasnatkarussell“ veranstaltet, das bis zur Schließung der Turnhalle jedes Jahr ein ab­soluter Höhepunkt des Emser Ballgeschehens war.</strong></p>
<p><strong>Im Jahre 1999 – dem letzten Narrenjahr vor der Jahrtausendwende – erhielt die Zunft Embser Schlossnarren von den Delegierten des Verbandes Vorarlberger Fasnatzünfte und –gilden den Auftrag zur Durchführung des 19. Vorarlberger Landesnarrentages. Dieser Landesnarrentag fand bei Prachtwetter statt. Da auch die Organisation bestens klappte, konnten unzählige Vorarlberger Närrinnen und Narren einen wunderschönen Tag in Hohenems verbringen.</strong></p>
<p><strong>Die Tennishalle ermöglichte es, dass alle Teilnehmer nach dem Umzug gemeinsam Platz fanden.</strong></p>
<p><strong>Die weiteren Jahre waren geprägt durch vielseitige Aktivitäten der Zunft Embser Schlossnarren mit den Emser Zünften. Das Zusammenwirken konnte weiter verstärkt werden und bildet heute die Grundlage für eine starke, einige Narrenorganisation in Hohenems.</strong></p>
<p><strong>2008 zählte die Zunft Embser Schlossnarren mit ihren 14 Emser Zünften über 850 Mitglieder. Noch im selben Jahr kamen 2 weitere Zünfte, Die Embser Schlossplatzfeager und die Embser Kindergarde dazu.</strong></p>
<p><strong>Der VVF hat der Zunft Embser Schlossnarren die Durchführung des 27. Landesnarrentages am 11. 1. 2009 übertragen. Die Vorbereitungen liefen Monate auf Hochtouren. Und wer die Frauen und Mannen der Zunft Embser Schlossnarren und ihrer Unterzünfte kennt, weiß, dass man in Hohenems – unter der großartigen Zusammenarbeit und Mithilfe aller Emser Zünfte – ganz bestimmt alles daran setzte, den Vorarlberger Narrenfreunden einen würdigen, </strong></p>
<p><strong>Dies war dann auch die letzte Saison von Herbert Holzer als Präsident der Embser Schlossnarren. Als neuer Präsident wurde bei der Jahreshauptversammlung 2009 Karl-Heinz Sutter gewählt welcher seither die Geschicke und den Verein mit riesen Engagement und Erfolg führt. </strong></p>
<p><strong>Im Jubiläumsjahr 2015  &#8211; die Embser Schlossnarren feierten ihr 50jähriges Bestehen &#8211; erhielt die Zunft Embser Schlossnarren zum bereits 4. Mal den Zuschlag zur Ausrichtung des 33. Vorarlberger Landesnarrentages. Es war wieder ein Riesenerfolg was neben der Erfahrung wieder der guten Zusammenarbeit der Embser Zünfte zu verdanken war. </strong></p>
<p><strong>Zu dieser Zeit hatten die Embser Schlossnarren 16 Unterzünfte mit ca. 1.200 Mitgliedern. </strong></p>
<p><strong>2017 wurde Karl-Heinz Sutter zum 5. mal einstimmig als Präsident der Embser Schlossnarren bestätigt. 2018 haben die Schlossnarren 14 Unterzünfte mit gesamt ca. 1.150 Mitgliedern die immer noch tatkräftig zusammenarbeiten und die Umzüge erfolgreich durchführen. </strong></p>
<p><strong>Derzeit laufen die Vorbereitungen zum 37. Landesnarrentag den wieder die Zunft Embser Schlossnarren mit ihren Unterzünften ausrichten. Und wieder setzten ALLE ALLES daran dass auch diese Grossveranstaltung ein Riesenerfolg und ein Highlight in der Vorarlberger Fasnat 2019 wird.</strong></p>
<p>&nbsp;</p>

<p>Aus der Chronik der „Embser Schlossnarren“: Die ersten Aufzeichnungen über die Hohenemser Fasnacht stehen im Buch von Ludwig Welti „Merk-Sittich und Wolf Dietrich von Ems“ und führen unter der Jahreszahl 1538 den Tod Wolf-Dietrichs durch einen Schlaganfall beim Volkstanz an der alten Fasnacht am Funken­sonntag dem, 10. März 1538 an. Schon vor dem ersten Weltkrieg &hellip; </p>
<p class="link-more"><a href="https://www.schlossnarren.at/index.php/ueber-uns/" class="more-link"><span class="screen-reader-text">„Über uns“ </span>weiterlesen</a></p>
