{"id":1700,"date":"2024-04-27T11:19:46","date_gmt":"2024-04-27T11:19:46","guid":{"rendered":"https:\/\/www.schlossnarren.at\/?page_id=1700"},"modified":"2025-02-03T06:34:20","modified_gmt":"2025-02-03T06:34:20","slug":"kontakt","status":"publish","type":"page","link":"https:\/\/www.schlossnarren.at\/index.php\/kontakt\/","title":{"rendered":"Kontakt"},"content":{"rendered":"\n<div class=\"wp-block-columns is-layout-flex wp-container-core-columns-is-layout-9d6595d7 wp-block-columns-is-layout-flex\">\n<div class=\"wp-block-column is-layout-flow wp-block-column-is-layout-flow\">\n<figure class=\"wp-block-image size-full is-resized\"><img loading=\"lazy\" decoding=\"async\" width=\"438\" height=\"668\" src=\"https:\/\/www.schlossnarren.at\/wp-content\/uploads\/2024\/11\/Karl-Heinz.jpg\" alt=\"\" class=\"wp-image-5328\" style=\"width:250px\" srcset=\"https:\/\/www.schlossnarren.at\/wp-content\/uploads\/2024\/11\/Karl-Heinz.jpg 438w, https:\/\/www.schlossnarren.at\/wp-content\/uploads\/2024\/11\/Karl-Heinz-197x300.jpg 197w\" sizes=\"auto, (max-width: 438px) 100vw, 438px\" \/><\/figure>\n<\/div>\n\n\n\n<div class=\"wp-block-column is-vertically-aligned-center is-layout-flow wp-block-column-is-layout-flow\">\n<h2 class=\"wp-block-heading\">Pr\u00e4sident<br>Karl-Heinz Sutter<\/h2>\n\n\n\n<p>Ermenstrasse 17<br>6845 Hohenems +43(0)664 554 74 74<br><a href=\"mailto:karl-heinz.sutter@gmx.at\">pr\u00e4sident@schlossnarren.at<\/a><\/p>\n<\/div>\n<\/div>\n\n\n\n<hr class=\"wp-block-separator has-alpha-channel-opacity is-style-wide\"\/>\n\n\n\n<div class=\"wp-block-columns is-layout-flex wp-container-core-columns-is-layout-9d6595d7 wp-block-columns-is-layout-flex\">\n<div class=\"wp-block-column is-layout-flow wp-block-column-is-layout-flow\">\n<p class=\"has-text-align-right\"><strong>IMPRESSUM<\/strong><\/p>\n\n\n\n<p class=\"has-text-align-right\"><strong>Verantwortlich f\u00fcr den Inhalt<\/strong><br>Karl-Heinz Sutter<br>Pr\u00e4sident Zunft Embser Schlossnarren<br>Ermenstrasse 17<br>6845 Hohenems<\/p>\n\n\n\n<p class=\"has-text-align-right\">+43(0)664 554 74 74<br><a href=\"mailto:thomas.kertel@schlossnarren.at\" target=\"_blank\" rel=\"noreferrer noopener\"><a href=\"mailto:karl-heinz.sutter@gmx.at\">pr\u00e4sident@schlossnarren.at<\/a><\/a><br>Vereinsregister ZVR-Nr. 568 618 423<\/p>\n<\/div>\n<\/div>\n","protected":false},"excerpt":{"rendered":"<p>Pr\u00e4sidentKarl-Heinz Sutter Ermenstrasse 176845 Hohenems +43(0)664 554 74 74pr\u00e4sident@schlossnarren.at IMPRESSUM Verantwortlich f\u00fcr den InhaltKarl-Heinz SutterPr\u00e4sident Zunft Embser SchlossnarrenErmenstrasse 176845 Hohenems +43(0)664 554 74 74pr\u00e4sident@schlossnarren.atVereinsregister ZVR-Nr. 568 618 423<\/p>\n","protected":false},"author":1,"featured_media":0,"parent":0,"menu_order":0,"comment_status":"closed","ping_status":"closed","template":"","meta":{"pgc_sgb_lightbox_settings":"","footnotes":""},"class_list":["post-1700","page","type-page","status-publish","hentry"],"_links":{"self":[{"href":"https:\/\/www.schlossnarren.at\/index.php\/wp-json\/wp\/v2\/pages\/1700","targetHints":{"allow":["GET"]}}],"collection":[{"href":"https:\/\/www.schlossnarren.at\/index.php\/wp-json\/wp\/v2\/pages"}],"about":[{"href":"https:\/\/www.schlossnarren.at\/index.php\/wp-json\/wp\/v2\/types\/page"}],"author":[{"embeddable":true,"href":"https:\/\/www.schlossnarren.at\/index.php\/wp-json\/wp\/v2\/users\/1"}],"replies":[{"embeddable":true,"href":"https:\/\/www.schlossnarren.at\/index.php\/wp-json\/wp\/v2\/comments?post=1700"}],"version-history":[{"count":6,"href":"https:\/\/www.schlossnarren.at\/index.php\/wp-json\/wp\/v2\/pages\/1700\/revisions"}],"predecessor-version":[{"id":7289,"href":"https:\/\/www.schlossnarren.at\/index.php\/wp-json\/wp\/v2\/pages\/1700\/revisions\/7289"}],"wp:attachment":[{"href":"https:\/\/www.schlossnarren.at\/index.php\/wp-json\/wp\/v2\/media?parent=1700"}],"curies":[{"name":"wp","href":"https:\/\/api.w.org\/{rel}","templated":true}]}}

<div class="wp-block-columns is-layout-flex wp-container-core-columns-is-layout-9d6595d7 wp-block-columns-is-layout-flex">
<div class="wp-block-column is-layout-flow wp-block-column-is-layout-flow">
<figure class="wp-block-image size-full is-resized"><img loading="lazy" decoding="async" width="438" height="668" src="https://www.schlossnarren.at/wp-content/uploads/2024/11/Karl-Heinz.jpg" alt="" class="wp-image-5328" style="width:250px" srcset="https://www.schlossnarren.at/wp-content/uploads/2024/11/Karl-Heinz.jpg 438w, https://www.schlossnarren.at/wp-content/uploads/2024/11/Karl-Heinz-197x300.jpg 197w" sizes="auto, (max-width: 438px) 100vw, 438px" /></figure>
</div>



<div class="wp-block-column is-vertically-aligned-center is-layout-flow wp-block-column-is-layout-flow">
<h2 class="wp-block-heading">Präsident<br>Karl-Heinz Sutter</h2>



<p>Ermenstrasse 17<br>6845 Hohenems +43(0)664 554 74 74<br><a href="mailto:karl-heinz.sutter@gmx.at">präsident@schlossnarren.at</a></p>
</div>
</div>



<hr class="wp-block-separator has-alpha-channel-opacity is-style-wide"/>



<div class="wp-block-columns is-layout-flex wp-container-core-columns-is-layout-9d6595d7 wp-block-columns-is-layout-flex">
<div class="wp-block-column is-layout-flow wp-block-column-is-layout-flow">
<p class="has-text-align-right"><strong>IMPRESSUM</strong></p>



<p class="has-text-align-right"><strong>Verantwortlich für den Inhalt</strong><br>Karl-Heinz Sutter<br>Präsident Zunft Embser Schlossnarren<br>Ermenstrasse 17<br>6845 Hohenems</p>



<p class="has-text-align-right">+43(0)664 554 74 74<br><a href="mailto:thomas.kertel@schlossnarren.at" target="_blank" rel="noreferrer noopener"><a href="mailto:karl-heinz.sutter@gmx.at">präsident@schlossnarren.at</a></a><br>Vereinsregister ZVR-Nr. 568 618 423</p>
</div>
</div>

<p>PräsidentKarl-Heinz Sutter Ermenstrasse 176845 Hohenems +43(0)664 554 74 74präsident@schlossnarren.at IMPRESSUM Verantwortlich für den InhaltKarl-Heinz SutterPräsident Zunft Embser SchlossnarrenErmenstrasse 176845 Hohenems +43(0)664 554 74 74präsident@schlossnarren.atVereinsregister ZVR-Nr. 568 618 423</p>
