{"id":4654,"date":"2024-07-04T12:18:19","date_gmt":"2024-07-04T12:18:19","guid":{"rendered":"https:\/\/www.schlossnarren.at\/?page_id=4654"},"modified":"2026-01-21T09:46:21","modified_gmt":"2026-01-21T09:46:21","slug":"medien","status":"publish","type":"page","link":"https:\/\/www.schlossnarren.at\/index.php\/medien\/","title":{"rendered":"Medien"},"content":{"rendered":"\n<figure class=\"wp-block-image size-large\"><a href=\"https:\/\/www.schlossnarren.at\/wp-content\/uploads\/2026\/01\/2025_11_19-Bericht-Ritterpaar-VN-C008BR1911_6856848.jpg\"><img loading=\"lazy\" decoding=\"async\" width=\"978\" height=\"1024\" src=\"https:\/\/www.schlossnarren.at\/wp-content\/uploads\/2026\/01\/2025_11_19-Bericht-Ritterpaar-VN-C008BR1911_6856848-978x1024.jpg\" alt=\"\" class=\"wp-image-8032\" srcset=\"https:\/\/www.schlossnarren.at\/wp-content\/uploads\/2026\/01\/2025_11_19-Bericht-Ritterpaar-VN-C008BR1911_6856848-978x1024.jpg 978w, https:\/\/www.schlossnarren.at\/wp-content\/uploads\/2026\/01\/2025_11_19-Bericht-Ritterpaar-VN-C008BR1911_6856848-287x300.jpg 287w, https:\/\/www.schlossnarren.at\/wp-content\/uploads\/2026\/01\/2025_11_19-Bericht-Ritterpaar-VN-C008BR1911_6856848-768x804.jpg 768w, https:\/\/www.schlossnarren.at\/wp-content\/uploads\/2026\/01\/2025_11_19-Bericht-Ritterpaar-VN-C008BR1911_6856848-1468x1536.jpg 1468w, https:\/\/www.schlossnarren.at\/wp-content\/uploads\/2026\/01\/2025_11_19-Bericht-Ritterpaar-VN-C008BR1911_6856848.jpg 1500w\" sizes=\"auto, (max-width: 767px) 89vw, (max-width: 1000px) 54vw, (max-width: 1071px) 543px, 580px\" \/><\/a><\/figure>\n\n\n\n<hr class=\"wp-block-separator has-alpha-channel-opacity is-style-wide\"\/>\n\n\n\n<div class=\"wp-block-media-text is-stacked-on-mobile\"><figure class=\"wp-block-media-text__media\"><img loading=\"lazy\" decoding=\"async\" width=\"1024\" height=\"683\" src=\"https:\/\/www.schlossnarren.at\/wp-content\/uploads\/2024\/04\/Scheckuebergabe-2024-Umzug-1024x683.jpg\" alt=\"\" class=\"wp-image-4111 size-full\" srcset=\"https:\/\/www.schlossnarren.at\/wp-content\/uploads\/2024\/04\/Scheckuebergabe-2024-Umzug-1024x683.jpg 1024w, https:\/\/www.schlossnarren.at\/wp-content\/uploads\/2024\/04\/Scheckuebergabe-2024-Umzug-300x200.jpg 300w, https:\/\/www.schlossnarren.at\/wp-content\/uploads\/2024\/04\/Scheckuebergabe-2024-Umzug-768x512.jpg 768w, https:\/\/www.schlossnarren.at\/wp-content\/uploads\/2024\/04\/Scheckuebergabe-2024-Umzug-1536x1025.jpg 1536w, https:\/\/www.schlossnarren.at\/wp-content\/uploads\/2024\/04\/Scheckuebergabe-2024-Umzug-2048x1367.jpg 2048w\" sizes=\"auto, (max-width: 767px) 89vw, (max-width: 1000px) 54vw, (max-width: 1071px) 543px, 580px\" \/><\/figure><div class=\"wp-block-media-text__content\">\n<p><strong>Scheck\u00fcbergabe an das Hilfswerk der Stadt Hohenems.<\/strong><\/p>\n\n\n\n<p>Ein Teil des Erl\u00f6ses der Eintrittsgelder vom Faschingsumzuges 2024 wurde vom Vorstand &amp; Ritterpaar der Zunft Anfang April \u00fcbergeben.<\/p>\n<\/div><\/div>\n\n\n\n<div style=\"height:40px\" aria-hidden=\"true\" class=\"wp-block-spacer\"><\/div>\n\n\n\n<hr class=\"wp-block-separator has-alpha-channel-opacity is-style-wide\"\/>\n\n\n\n<div style=\"height:40px\" aria-hidden=\"true\" class=\"wp-block-spacer\"><\/div>\n\n\n\n<figure class=\"wp-block-image size-large\"><a href=\"https:\/\/www.schlossnarren.at\/wp-content\/uploads\/2023\/10\/VN_Heimat-05.02.2024.jpg\" target=\"_blank\" rel=\"noreferrer noopener\"><img loading=\"lazy\" decoding=\"async\" width=\"1024\" height=\"648\" src=\"https:\/\/www.schlossnarren.at\/wp-content\/uploads\/2023\/10\/VN_Heimat-05.02.2024-1024x648.jpg\" alt=\"\" class=\"wp-image-596\" srcset=\"https:\/\/www.schlossnarren.at\/wp-content\/uploads\/2023\/10\/VN_Heimat-05.02.2024-1024x648.jpg 1024w, https:\/\/www.schlossnarren.at\/wp-content\/uploads\/2023\/10\/VN_Heimat-05.02.2024-300x190.jpg 300w, https:\/\/www.schlossnarren.at\/wp-content\/uploads\/2023\/10\/VN_Heimat-05.02.2024-768x486.jpg 768w, https:\/\/www.schlossnarren.at\/wp-content\/uploads\/2023\/10\/VN_Heimat-05.02.2024.jpg 1500w\" sizes=\"auto, (max-width: 767px) 89vw, (max-width: 1000px) 54vw, (max-width: 1071px) 543px, 580px\" \/><\/a><figcaption class=\"wp-element-caption\">Faschingsumzug Februar 2024 (Quelle: VN Heimat)<\/figcaption><\/figure>\n","protected":false},"excerpt":{"rendered":"<p>Scheck\u00fcbergabe an das Hilfswerk der Stadt Hohenems. Ein Teil des Erl\u00f6ses der Eintrittsgelder vom Faschingsumzuges 2024 wurde vom Vorstand &amp; Ritterpaar der Zunft Anfang April \u00fcbergeben.<\/p>\n","protected":false},"author":1,"featured_media":0,"parent":0,"menu_order":0,"comment_status":"closed","ping_status":"closed","template":"","meta":{"pgc_sgb_lightbox_settings":"","footnotes":""},"class_list":["post-4654","page","type-page","status-publish","hentry"],"_links":{"self":[{"href":"https:\/\/www.schlossnarren.at\/index.php\/wp-json\/wp\/v2\/pages\/4654","targetHints":{"allow":["GET"]}}],"collection":[{"href":"https:\/\/www.schlossnarren.at\/index.php\/wp-json\/wp\/v2\/pages"}],"about":[{"href":"https:\/\/www.schlossnarren.at\/index.php\/wp-json\/wp\/v2\/types\/page"}],"author":[{"embeddable":true,"href":"https:\/\/www.schlossnarren.at\/index.php\/wp-json\/wp\/v2\/users\/1"}],"replies":[{"embeddable":true,"href":"https:\/\/www.schlossnarren.at\/index.php\/wp-json\/wp\/v2\/comments?post=4654"}],"version-history":[{"count":10,"href":"https:\/\/www.schlossnarren.at\/index.php\/wp-json\/wp\/v2\/pages\/4654\/revisions"}],"predecessor-version":[{"id":8036,"href":"https:\/\/www.schlossnarren.at\/index.php\/wp-json\/wp\/v2\/pages\/4654\/revisions\/8036"}],"wp:attachment":[{"href":"https:\/\/www.schlossnarren.at\/index.php\/wp-json\/wp\/v2\/media?parent=4654"}],"curies":[{"name":"wp","href":"https:\/\/api.w.org\/{rel}","templated":true}]}}