{"id":5,"date":"2019-01-28T16:53:30","date_gmt":"2019-01-28T16:53:30","guid":{"rendered":"http:\/\/adi.extendstudio.net\/site-28jan19-1852\/index.php\/colibriwp\/"},"modified":"2026-05-11T16:28:31","modified_gmt":"2026-05-11T16:28:31","slug":"colibriwp","status":"publish","type":"page","link":"https:\/\/www.schlossnarren.at\/","title":{"rendered":"Startseite"},"content":{"rendered":"\n<h3 class=\"wp-block-heading\"><strong>Embser Schlossnarren<\/strong><\/h3>\n\n\n\n<hr class=\"wp-block-separator has-alpha-channel-opacity is-style-wide\"\/>\n\n\n\n<div class=\"wp-block-media-text is-stacked-on-mobile is-vertically-aligned-center\" style=\"grid-template-columns:44% auto\"><figure class=\"wp-block-media-text__media\"><a href=\"https:\/\/www.schlossnarren.at\/wp-content\/uploads\/2026\/05\/Plakat-A4.jpg\"><img loading=\"lazy\" decoding=\"async\" width=\"724\" height=\"1024\" src=\"https:\/\/www.schlossnarren.at\/wp-content\/uploads\/2026\/05\/Plakat-A4-724x1024.jpg\" alt=\"\" class=\"wp-image-9110 size-full\" srcset=\"https:\/\/www.schlossnarren.at\/wp-content\/uploads\/2026\/05\/Plakat-A4-724x1024.jpg 724w, https:\/\/www.schlossnarren.at\/wp-content\/uploads\/2026\/05\/Plakat-A4-212x300.jpg 212w, https:\/\/www.schlossnarren.at\/wp-content\/uploads\/2026\/05\/Plakat-A4-768x1086.jpg 768w, https:\/\/www.schlossnarren.at\/wp-content\/uploads\/2026\/05\/Plakat-A4.jpg 800w\" sizes=\"auto, (max-width: 724px) 100vw, 724px\" \/><\/a><\/figure><div class=\"wp-block-media-text__content\">\n<p class=\"has-vivid-cyan-blue-color has-text-color has-link-color has-medium-font-size wp-elements-a49050254e6384587946c6b1db05199d\"><strong>Am 11.11.2026 ist es wieder soweit \u2013 die f\u00fcnfte Jahreszeit wird er\u00f6ffnet!<\/strong><\/p>\n\n\n\n<p><strong>Die Zunft Embser Schlossnarren laden herzlich zur traditionellen Faschingser\u00f6ffnung ein und freuen sich gemeinsam mit dem Ritterpaar auf ein weiteres n\u00e4rrisches Jahr voller Stimmung, Gemeinschaft und unvergesslicher Momente<\/strong>. <br><br>F\u00fcr die passende musikalische Unterhaltung sorgen der Fanfarenzug Herrenried Buch, sowie die 1. Hohenemser Guggamusik Emser Palast-T\u00e4tscher. <\/p>\n\n\n\n<p>Nat\u00fcrlich ist auch bestens f\u00fcr das leibliche Wohl gesorgt \u2013 mit k\u00f6stlicher Verpflegung und gem\u00fctlichem Beisammensein steht einem gelungenen Auftakt in die Faschingssaison nichts mehr im Wege.<\/p>\n<\/div><\/div>\n\n\n\n<hr class=\"wp-block-separator has-alpha-channel-opacity is-style-wide\"\/>\n\n\n\n<p><strong>Fasching erleben \u2013 Tradition und Freude vereint<\/strong><\/p>\n\n\n\n<p>Die Embser Schlossnarren sind eine feste Gr\u00f6\u00dfe im Faschingstreiben und bringen Farbe und Freude in die f\u00fcnfte Jahreszeit!<\/p>\n\n\n\n<h4 class=\"wp-block-heading\"><strong>Unser Jubil\u00e4um<\/strong><\/h4>\n\n\n\n<p>Zum besonderen Anlass des Jubil\u00e4ums repr\u00e4sentieren unsere ehemaligen Ritterpaare die Zunft mit Stolz. Sie stehen f\u00fcr die lange und lebendige Tradition, die unsere Gemeinschaft pr\u00e4gt.<\/p>\n\n\n\n<h4 class=\"wp-block-heading\"><strong>Auf Umz\u00fcgen und B\u00e4llen unterwegs<\/strong><\/h4>\n\n\n\n<p>Nicht nur wir, die Schlossnarren, sondern auch unsere Unterz\u00fcnfte sind aktiv dabei, den Fasching zu bereichern. Auf B\u00e4llen, Kr\u00e4nzle und zahlreichen Faschingsumz\u00fcgen begeistern wir das Publikum mit:<\/p>\n\n\n\n<ul class=\"wp-block-list\">\n<li><strong>Bunten Kost\u00fcmen<\/strong>: Kreativ, auff\u00e4llig und voller Lebensfreude.<\/li>\n\n\n\n<li><strong>Faszinierenden Faschingswagen<\/strong>: Mit viel Liebe zum Detail gestaltet.<\/li>\n<\/ul>\n\n\n\n<p>Unsere Auftritte finden stets gro\u00dfen Beifall und zaubern ein L\u00e4cheln auf die Gesichter der Besucher.<\/p>\n\n\n\n<h4 class=\"wp-block-heading\"><strong>Einladung zum Mitfeiern<\/strong><\/h4>\n\n\n\n<p>Erleben Sie mit uns die unvergessliche Stimmung des Faschings! Besuchen Sie unsere Umz\u00fcge, B\u00e4lle oder Kr\u00e4nzle und werden Sie Teil der festlichen Begeisterung.<\/p>\n\n\n\n<p><strong>Die Embser Schlossnarren \u2013 wir freuen uns auf Sie!<\/strong><\/p>\n\n\n\n<hr class=\"wp-block-separator has-alpha-channel-opacity is-style-wide\"\/>\n\n\n\n<div style=\"height:30px\" aria-hidden=\"true\" class=\"wp-block-spacer\"><\/div>\n","protected":false},"excerpt":{"rendered":"<p>Embser Schlossnarren Am 11.11.2026 ist es wieder soweit \u2013 die f\u00fcnfte Jahreszeit wird er\u00f6ffnet! Die Zunft Embser Schlossnarren laden herzlich zur traditionellen Faschingser\u00f6ffnung ein und freuen sich gemeinsam mit dem Ritterpaar auf ein weiteres n\u00e4rrisches Jahr voller Stimmung, Gemeinschaft und unvergesslicher Momente. F\u00fcr die passende musikalische Unterhaltung sorgen der Fanfarenzug Herrenried Buch, sowie die 1. &hellip; <\/p>\n<p class=\"link-more\"><a href=\"https:\/\/www.schlossnarren.at\/\" class=\"more-link\"><span class=\"screen-reader-text\">\u201eStartseite\u201c <\/span>weiterlesen<\/a><\/p>\n","protected":false},"author":1,"featured_media":0,"parent":0,"menu_order":0,"comment_status":"closed","ping_status":"closed","template":"","meta":{"pgc_sgb_lightbox_settings":"","footnotes":""},"class_list":["post-5","page","type-page","status-publish","hentry"],"_links":{"self":[{"href":"https:\/\/www.schlossnarren.at\/index.php\/wp-json\/wp\/v2\/pages\/5","targetHints":{"allow":["GET"]}}],"collection":[{"href":"https:\/\/www.schlossnarren.at\/index.php\/wp-json\/wp\/v2\/pages"}],"about":[{"href":"https:\/\/www.schlossnarren.at\/index.php\/wp-json\/wp\/v2\/types\/page"}],"author":[{"embeddable":true,"href":"https:\/\/www.schlossnarren.at\/index.php\/wp-json\/wp\/v2\/users\/1"}],"replies":[{"embeddable":true,"href":"https:\/\/www.schlossnarren.at\/index.php\/wp-json\/wp\/v2\/comments?post=5"}],"version-history":[{"count":73,"href":"https:\/\/www.schlossnarren.at\/index.php\/wp-json\/wp\/v2\/pages\/5\/revisions"}],"predecessor-version":[{"id":9118,"href":"https:\/\/www.schlossnarren.at\/index.php\/wp-json\/wp\/v2\/pages\/5\/revisions\/9118"}],"wp:attachment":[{"href":"https:\/\/www.schlossnarren.at\/index.php\/wp-json\/wp\/v2\/media?parent=5"}],"curies":[{"name":"wp","href":"https:\/\/api.w.org\/{rel}","templated":true}]}}