{"id":7290,"date":"2025-02-03T06:35:13","date_gmt":"2025-02-03T06:35:13","guid":{"rendered":"https:\/\/www.schlossnarren.at\/?page_id=7290"},"modified":"2025-02-03T07:01:10","modified_gmt":"2025-02-03T07:01:10","slug":"ordensantraege-fuer-unterzuenfte","status":"publish","type":"page","link":"https:\/\/www.schlossnarren.at\/index.php\/ueber-uns\/ordensantraege-fuer-unterzuenfte\/","title":{"rendered":"Ordensantr\u00e4ge f\u00fcr Unterz\u00fcnfte"},"content":{"rendered":"\n<p><strong>Antrag f\u00fcr Embser Orden <\/strong><\/p>\n\n\n\n<p><a href=\"https:\/\/www.schlossnarren.at\/wp-content\/uploads\/2025\/02\/Antrag_Embser-Orden.doc\">Download Formular<\/a><\/p>\n\n\n\n<hr class=\"wp-block-separator has-alpha-channel-opacity is-style-wide\"\/>\n\n\n\n<p><strong>Antrag f\u00fcr VVF Orden<\/strong><\/p>\n\n\n\n<p>Orden des Landesverbandes k\u00f6nnen nur \u00fcber die Zunft der Embser Schlossnarren beantragt werden. <\/p>\n\n\n\n<ul class=\"wp-block-list\">\n<li>Versdienstorden Silber<\/li>\n\n\n\n<li>Verdienstorden Gold<\/li>\n\n\n\n<li>Ehrenzeichen<\/li>\n<\/ul>\n\n\n\n<p><a href=\"https:\/\/www.schlossnarren.at\/wp-content\/uploads\/2025\/02\/Antrag_VVF-Orden.xlsx\">Download Formular<\/a><\/p>\n\n\n\n<hr class=\"wp-block-separator has-alpha-channel-opacity is-style-wide\"\/>\n\n\n\n<p>Der jeweilige Antrag muss sp\u00e4testens 4 Wochen vor der Jahreshauptversammlung der Zunft Embser Schlossnarren schriftlich eingereicht werden. <\/p>\n\n\n\n<p>Bitte per Mail an Z\u00fcnftekoordinator Thomas Kertel senden <strong><a href=\"mailto:thomas.kertel@bi-ke.at\">thomas.kertel@bi-ke.at<\/a><\/strong><\/p>\n","protected":false},"excerpt":{"rendered":"<p>Antrag f\u00fcr Embser Orden Download Formular Antrag f\u00fcr VVF Orden Orden des Landesverbandes k\u00f6nnen nur \u00fcber die Zunft der Embser Schlossnarren beantragt werden. Download Formular Der jeweilige Antrag muss sp\u00e4testens 4 Wochen vor der Jahreshauptversammlung der Zunft Embser Schlossnarren schriftlich eingereicht werden. Bitte per Mail an Z\u00fcnftekoordinator Thomas Kertel senden thomas.kertel@bi-ke.at<\/p>\n","protected":false},"author":1,"featured_media":0,"parent":1611,"menu_order":4,"comment_status":"closed","ping_status":"closed","template":"","meta":{"pgc_sgb_lightbox_settings":"","footnotes":""},"class_list":["post-7290","page","type-page","status-publish","hentry"],"_links":{"self":[{"href":"https:\/\/www.schlossnarren.at\/index.php\/wp-json\/wp\/v2\/pages\/7290","targetHints":{"allow":["GET"]}}],"collection":[{"href":"https:\/\/www.schlossnarren.at\/index.php\/wp-json\/wp\/v2\/pages"}],"about":[{"href":"https:\/\/www.schlossnarren.at\/index.php\/wp-json\/wp\/v2\/types\/page"}],"author":[{"embeddable":true,"href":"https:\/\/www.schlossnarren.at\/index.php\/wp-json\/wp\/v2\/users\/1"}],"replies":[{"embeddable":true,"href":"https:\/\/www.schlossnarren.at\/index.php\/wp-json\/wp\/v2\/comments?post=7290"}],"version-history":[{"count":9,"href":"https:\/\/www.schlossnarren.at\/index.php\/wp-json\/wp\/v2\/pages\/7290\/revisions"}],"predecessor-version":[{"id":7303,"href":"https:\/\/www.schlossnarren.at\/index.php\/wp-json\/wp\/v2\/pages\/7290\/revisions\/7303"}],"up":[{"embeddable":true,"href":"https:\/\/www.schlossnarren.at\/index.php\/wp-json\/wp\/v2\/pages\/1611"}],"wp:attachment":[{"href":"https:\/\/www.schlossnarren.at\/index.php\/wp-json\/wp\/v2\/media?parent=7290"}],"curies":[{"name":"wp","href":"https:\/\/api.w.org\/{rel}","templated":true}]}}

Ordensanträge für Unterzünfte

<p><strong>Antrag für Embser Orden </strong></p>



<p><a href="https://www.schlossnarren.at/wp-content/uploads/2025/02/Antrag_Embser-Orden.doc">Download Formular</a></p>



<hr class="wp-block-separator has-alpha-channel-opacity is-style-wide"/>



<p><strong>Antrag für VVF Orden</strong></p>



<p>Orden des Landesverbandes können nur über die Zunft der Embser Schlossnarren beantragt werden. </p>



<ul class="wp-block-list">
<li>Versdienstorden Silber</li>



<li>Verdienstorden Gold</li>



<li>Ehrenzeichen</li>
</ul>



<p><a href="https://www.schlossnarren.at/wp-content/uploads/2025/02/Antrag_VVF-Orden.xlsx">Download Formular</a></p>



<hr class="wp-block-separator has-alpha-channel-opacity is-style-wide"/>



<p>Der jeweilige Antrag muss spätestens 4 Wochen vor der Jahreshauptversammlung der Zunft Embser Schlossnarren schriftlich eingereicht werden. </p>



<p>Bitte per Mail an Zünftekoordinator Thomas Kertel senden <strong><a href="mailto:thomas.kertel@bi-ke.at">thomas.kertel@bi-ke.at</a></strong></p>

<p>Antrag für Embser Orden Download Formular Antrag für VVF Orden Orden des Landesverbandes können nur über die Zunft der Embser Schlossnarren beantragt werden. Download Formular Der jeweilige Antrag muss spätestens 4 Wochen vor der Jahreshauptversammlung der Zunft Embser Schlossnarren schriftlich eingereicht werden. Bitte per Mail an Zünftekoordinator Thomas Kertel senden thomas.kertel@bi-ke.at</p>
